 is the ten thousands digit of 30473?
3
What is the ten thousands digit of 29666?
2
What is the hundreds digit of 1977?
9
What is the thousands digit of 4720?
4
What is the units digit of 9?
9
What is the ten thousands digit of 35548?
3
What is the tens digit of 19866?
6
What is the hundreds digit of 124080?
0
What is the tens digit of 397?
9
What is the hundreds digit of 1984?
9
What is the tens digit of 1004?
0
What is the tens digit of 12477?
7
What is the tens digit of 420?
2
What is the thousands digit of 14296?
4
What is the tens digit of 511?
1
What is the tens digit of 8255?
5
What is the hundreds digit of 4947?
9
What is the ten thousands digit of 77388?
7
What is the units digit of 8267?
7
What is the units digit of 6019?
9
What is the hundreds digit of 28071?
0
What is the units digit of 942?
2
What is the units digit of 5038?
8
What is the hundreds digit of 6992?
9
What is the ten thousands digit of 74706?
7
What is the units digit of 346?
6
What is the thousands digit of 5813?
5
What is the units digit of 3391?
1
What is the thousands digit of 36212?
6
What is the thousands digit of 2801?
2
What is the tens digit of 21835?
3
What is the hundreds digit of 87619?
6
What is the hundreds digit of 12175?
1
What is the thousands digit of 1263?
1
What is the units digit of 30260?
0
What is the hundreds digit of 1259?
2
What is the ten thousands digit of 77206?
7
What is the hundreds digit of 15060?
0
What is the thousands digit of 31497?
1
What is the tens digit of 1053?
5
What is the ten thousands digit of 19854?
1
What is the units digit of 1039?
9
What is the thousands digit of 14351?
4
What is the thousands digit of 3557?
3
What is the thousands digit of 4090?
4
What is the thousands digit of 25828?
5
What is the units digit of 10726?
6
What is the hundreds digit of 12708?
7
What is the hundreds digit of 3240?
2
What is the hundreds digit of 71102?
1
What is the hundreds digit of 5294?
2
What is the tens digit of 58845?
4
What is the hundreds digit of 5161?
1
What is the tens digit of 1393?
9
What is the units digit of 876?
6
What is the hundreds digit of 414?
4
What is the hundreds digit of 330?
3
What is the tens digit of 30724?
2
What is the units digit of 84299?
9
What is the thousands digit of 67571?
7
What is the units digit of 257?
7
What is the thousands digit of 9177?
9
What is the hundreds digit of 1932?
9
What is the thousands digit of 5131?
5
What is the hundreds digit of 501?
5
What is the hundreds digit of 67339?
3
What is the units digit of 54045?
5
What is the units digit of 2711?
1
What is the units digit of 4107?
7
What is the ten thousands digit of 142358?
4
What is the hundreds digit of 2362?
3
What is the hundreds digit of 4117?
1
What is the thousands digit of 41418?
1
What is the tens digit of 50311?
1
What is the tens digit of 1845?
4
What is the units digit of 11845?
5
What is the units digit of 29621?
1
What is the tens digit of 3655?
5
What is the ten thousands digit of 43202?
4
What is the units digit of 10841?
1
What is the ten thousands digit of 127300?
2
What is the tens digit of 135265?
6
What is the thousands digit of 16533?
6
What is the tens digit of 3557?
5
What is the units digit of 3451?
1
What is the tens digit of 2715?
1
What is the thousands digit of 13814?
3
What is the thousands digit of 8276?
8
What is the units digit of 4028?
8
What is the ten thousands digit of 151148?
5
What is the units digit of 7572?
2
What is the units digit of 6675?
5
What is the units digit of 4356?
6
What is the units digit of 1138?
8
What is the hundreds digit of 1199?
1
What is the hundreds digit of 1888?
8
What is the hundreds digit of 613?
6
What is the tens digit of 2505?
0
What is the tens digit of 13273?
7
What is the thousands digit of 1025?
1
What is the tens digit of 3371?
7
What is the units digit of 11259?
9
What is the units digit of 21169?
9
What is the tens digit of 89450?
5
What is the thousands digit of 8644?
8
What is the hundreds digit of 22784?
7
What is the ten thousands digit of 19274?
1
What is the tens digit of 578?
7
What is the tens digit of 1408?
0
What is the thousands digit of 3598?
3
What is the tens digit of 539?
3
What is the hundred thousands digit of 105548?
1
What is the tens digit of 16478?
7
What is the hundreds digit of 59639?
6
What is the hundreds digit of 46171?
1
What is the thousands digit of 9525?
9
What is the hundreds digit of 702?
7
What is the units digit of 1417?
7
What is the hundreds digit of 54395?
3
What is the tens digit of 35875?
7
What is the tens digit of 281?
8
What is the tens digit of 38011?
1
What is the units digit of 1281?
1
What is the tens digit of 10905?
0
What is the units digit of 15603?
3
What is the units digit of 41367?
7
What is the tens digit of 676?
7
What is the thousands digit of 1803?
1
What is the tens digit of 855?
5
What is the units digit of 1000?
0
What is the ten thousands digit of 16057?
1
What is the thousands digit of 20641?
0
What is the thousands digit of 4541?
4
What is the units digit of 365?
5
What is the units digit of 4090?
0
What is the tens digit of 10634?
3
What is the hundreds digit of 4422?
4
What is the thousands digit of 89575?
9
What is the thousands digit of 61367?
1
What is the thousands digit of 32942?
2
What is the thousands digit of 21354?
1
What is the hundreds digit of 9704?
7
What is the units digit of 209?
9
What is the units digit of 1035?
5
What is the units digit of 1223?
3
What is the units digit of 511?
1
What is the tens digit of 3292?
9
What is the hundreds digit of 949?
9
What is the units digit of 22611?
1
What is the ten thousands digit of 136730?
3
What is the units digit of 44384?
4
What is the units digit of 1955?
5
What is the ten thousands digit of 21716?
2
What is the units digit of 4849?
9
What is the tens digit of 7790?
9
What is the units digit of 4037?
7
What is the hundreds digit of 2970?
9
What is the tens digit of 170892?
9
What is the thousands digit of 4386?
4
What is the hundreds digit of 2059?
0
What is the units digit of 1496?
6
What is the thousands digit of 38086?
8
What is the hundreds digit of 8931?
9
What is the tens digit of 31?
3
What is the tens digit of 147233?
3
What is the units digit of 14036?
6
What is the hundreds digit of 511?
5
What is the hundreds digit of 906?
9
What is the ten thousands digit of 69147?
6
What is the thousands digit of 5310?
5
What is the tens digit of 120798?
9
What is the tens digit of 425?
2
What is the hundreds digit of 35682?
6
What is the ten thousands digit of 22186?
2
What is the tens digit of 37448?
4
What is the ten thousands digit of 16052?
1
What is the hundreds digit of 156482?
4
What is the tens digit of 342?
4
What is the thousands digit of 2053?
2
What is the hundreds digit of 57489?
4
What is the tens digit of 420?
2
What is the thousands digit of 1793?
1
What is the units digit of 36957?
7
What is the hundreds digit of 7790?
7
What is the hundreds digit of 5753?
7
What is the tens digit of 251?
5
What is the thousands digit of 2151?
2
What is the hundreds digit of 1075?
0
What is the hundreds digit of 2593?
5
What is the tens digit of 68850?
5
What is the ten thousands digit of 18552?
1
What is the hundreds digit of 98403?
4
What is the tens digit of 1607?
0
What is the hundreds digit of 112321?
3
What is the units digit of 20433?
3
What is the units digit of 1383?
3
What is the units digit of 462?
2
What is the tens digit of 24564?
6
What is the units digit of 3142?
2
What is the units digit of 6926?
6
What is the tens digit of 1059?
5
What is the tens digit of 10?
1
What is the thousands digit of 71958?
1
What is the units digit of 159?
9
What is the ten thousands digit of 77996?
7
What is the ten thousands digit of 12547?
1
What is the hundreds digit of 1386?
3
What is the tens digit of 825?
2
What is the hundreds digit of 83208?
2
What is the thousands digit of 54539?
4
What is the thousands digit of 26023?
6
What is the units digit of 2560?
0
What is the hundreds digit of 2611?
6
What is the tens digit of 4631?
3
What is the thousands digit of 1928?
1
What is the units digit of 9929?
9
What is the units digit of 12213?
3
What is the tens digit of 4863?
6
What is the units digit of 1186?
6
What is the hundreds digit of